rs of 306?
2, 3, 17
List the prime factors of 667.
23, 29
What are the prime factors of 76?
2, 19
What are the prime factors of 79695?
3, 5, 7, 11, 23
What are the prime factors of 10436?
2, 2609
List the prime factors of 105154.
2, 7, 29, 37
List the prime factors of 2643.
3, 881
List the prime factors of 548.
2, 137
List the prime factors of 10818.
2, 3, 601
What are the prime factors of 5337?
3, 593
What are the prime factors of 12619?
12619
What are the prime factors of 6074?
2, 3037
List the prime factors of 57405.
3, 5, 43, 89
What are the prime factors of 7472?
2, 467
What are the prime factors of 1404?
2, 3, 13
What are the prime factors of 100636?
2, 139, 181
What are the prime factors of 72473?
23, 137
What are the prime factors of 3539?
3539
List the prime factors of 419.
419
What are the prime factors of 11125?
5, 89
What are the prime factors of 14549?
14549
List the prime factors of 273.
3, 7, 13
What are the prime factors of 1183?
7, 13
What are the prime factors of 6531?
3, 7, 311
List the prime factors of 6563.
6563
List the prime factors of 5378.
2, 2689
What are the prime factors of 10537?
41, 257
What are the prime factors of 2949?
3, 983
List the prime factors of 18880.
2, 5, 59
What are the prime factors of 128?
2
List the prime factors of 839.
839
What are the prime factors of 7190?
2, 5, 719
What are the prime factors of 4129?
4129
List the prime factors of 23315.
5, 4663
List the prime factors of 4639.
4639
List the prime factors of 2509.
13, 193
What are the prime factors of 2060?
2, 5, 103
List the prime factors of 42269.
43, 983
List the prime factors of 2969.
2969
List the prime factors of 16614.
2, 3, 13, 71
What are the prime factors of 147?
3, 7
What are the prime factors of 2913?
3, 971
List the prime factors of 12650.
2, 5, 11, 23
What are the prime factors of 1237?
1237
What are the prime factors of 5297?
5297
What are the prime factors of 344?
2, 43
List the prime factors of 3078.
2, 3, 19
What are the prime factors of 13088?
2, 409
What are the prime factors of 31621?
103, 307
List the prime factors of 23219.
7, 31, 107
List the prime factors of 917.
7, 131
List the prime factors of 11221.
7, 229
What are the prime factors of 1981?
7, 283
What are the prime factors of 5227?
5227
What are the prime factors of 19193?
17, 1129
List the prime factors of 522.
2, 3, 29
List the prime factors of 4383.
3, 487
What are the prime factors of 400?
2, 5
List the prime factors of 2228.
2, 557
What are the prime factors of 12827?
101, 127
List the prime factors of 37974.
2, 3, 6329
List the prime factors of 350.
2, 5, 7
What are the prime factors of 641?
641
List the prime factors of 1684.
2, 421
List the prime factors of 54124.
2, 7, 1933
List the prime factors of 4828.
2, 17, 71
What are the prime factors of 5894?
2, 7, 421
What are the prime factors of 32767?
7, 31, 151
List the prime factors of 5451.
3, 23, 79
What are the prime factors of 78056?
2, 11, 887
List the prime factors of 3324.
2, 3, 277
What are the prime factors of 2871?
3, 11, 29
List the prime factors of 96779.
96779
List the prime factors of 1078.
2, 7, 11
List the prime factors of 28701.
3, 1063
List the prime factors of 8444.
2, 2111
What are the prime factors of 302?
2, 151
List the prime factors of 192.
2, 3
What are the prime factors of 7676?
2, 19, 101
What are the prime factors of 2413?
19, 127
List the prime factors of 18607.
23, 809
What are the prime factors of 7191?
3, 17, 47
What are the prime factors of 14915?
5, 19, 157
List the prime factors of 57489.
3, 19163
What are the prime factors of 60876?
2, 3, 19, 89
What are the prime factors of 9529?
13, 733
List the prime factors of 8518.
2, 4259
What are the prime factors of 26882?
2, 13441
List the prime factors of 82391.
47, 1753
What are the prime factors of 52048?
2, 3253
List the prime factors of 1993.
1993
What are the prime factors of 29651?
149, 199
List the prime factors of 1667.
1667
What are the prime factors of 5762?
2, 43, 67
List the prime factors of 90.
2, 3, 5
List the prime factors of 38342.
2, 19, 1009
List the prime factors of 6829.
6829
List the prime factors of 1464.
2, 3, 61
List the prime factors of 3607.
3607
List the prime factors of 4248.
2, 3, 59
List the prime factors of 5961.
3, 1987
What are the prime factors of 77413?
7, 11059
What are the prime factors of 42266?
2, 7, 3019
What are the prime factors of 48275?
5, 1931
List the prime factors of 640.
2, 5
What are the prime factors of 273?
3, 7, 13
List the prime factors of 17620.
2, 5, 881
List the prime factors of 6998.
2, 3499
List the prime factors of 126.
2, 3, 7
What are the prime factors of 17100?
2, 3, 5, 19
List the prime factors of 21332.
2, 5333
What are the prime factors of 36250?
2, 5, 29
List the prime factors of 147.
3, 7
List the prime factors of 98025.
3, 5, 1307
What are the prime factors of 4061?
31, 131
What are the prime factors of 135408?
2, 3, 7, 13, 31
List the prime factors of 1694.
2, 7, 11
What are the prime factors of 84546?
2, 3, 7, 11, 61
List the prime factors of 23781.
3, 7927
List the prime factors of 6393.
3, 2131
What are the prime factors of 8105?
5, 1621
What are the prime factors of 7333?
7333
What are the prime factors of 48613?
173, 281
What are the prime factors of 518?
2, 7, 37
List the prime factors of 71101.
97, 733
What are the prime factors of 7633?
17, 449
List the prime factors of 6257.
6257
What are the prime factors of 1320?
2, 3, 5, 11
What are the prime factors of 140972?
2, 13, 2711
List the prime factors of 122.
2, 61
List the prime factors of 3567.
3, 29, 41
What are the prime factors of 1006?
2, 503
What are the prime factors of 5528?
2, 691
What are the prime factors of 267?
3, 89
List the prime factors of 292.
2, 73
List the prime factors of 7652.
2, 1913
What are the prime factors of 792?
2, 3, 11
What are the prime factors of 21903?
3, 7, 149
List the prime factors of 468.
2, 3, 13
What are the prime factors of 13240?
2, 5, 331
What are the prime factors of 12141?
3, 19, 71
What are the prime factors of 1446?
2, 3, 241
List the prime factors of 979.
11, 89
What are the prime factors of 12619?
12619
List the prime factors of 14492.
2, 3623
List the prime factors of 84825.
3, 5, 13, 29
What are the prime factors of 1139?
17, 67
List the prime factors of 33639.
3, 11213
What are the prime factors of 13233?
3, 11, 401
List the prime factors of 253.
11, 23
What are the prime factors of 16040?
2, 5, 401
What are the prime factors of 6389?
6389
What are the prime factors of 8181?
3, 101
List the prime factors of 29200.
2, 5, 73
List the prime factors of 555.
3, 5, 37
List the prime factors of 756.
2, 3, 7
List the prime factors of 1469.
13, 113
List the prime factors of 11689.
11689
What are the prime factors of 57250?
2, 5, 229
What are the prime factors of 174?
2, 3, 29
What are the prime factors of 902?
2, 11, 41
List the prime factors of 1049.
1049
List the prime factors of 284.
2, 71
List the prime factors of 424.
2, 53
List the prime factors of 2082.
2, 3, 347
What are the prime factors of 108109?
108109
What are the prime factors of 1231?
1231
What are the prime factors of 1653?
3, 19, 29
What are the prime factors of 11339?
17, 23, 29
What are the prime factors of 95?
5, 19
List the prime factors of 1317.
3, 439
List the prime factors of 7309.
7309
What are the prime factors of 7674?
2, 3, 1279
What are the prime factors of 10072?
2, 1259
What are the prime factors of 263?
263
List the prime factors of 301.
7, 43
List the prime factors of 47674.
2, 11, 197
List the prime factors of 1332.
2, 3, 37
List the prime factors of 36015.
3, 5, 7
What are the prime factors of 90508?
2, 11, 17
List the prime factors of 39293.
39293
What are the prime factors of 48244?
2, 7, 1723
What are the prime factors of 514?
2, 257
List the prime factors of 2601.
3, 17
List the prime factors of 2072.
2, 7, 37
List the prime factors of 18109.
7, 13, 199
List the prime factors of 3925.
5, 157
What are the prime factors of 59335?
5, 11867
What are the prime factors of 170190?
2, 3, 5, 31, 61
List the prime factors of 60030.
2, 3, 5, 23, 29
What are the prime factors of 1312?
2, 41
List the prime factors of 944.
2, 59
What are the prime factors of 2628?
2, 3, 73
What are the